rs of 900288853.
900288853
List the prime factors of 46585751.
59, 789589
What are the prime factors of 6967031478?
2, 3, 11, 105561083
List the prime factors of 76612050.
2, 3, 5, 170249
What are the prime factors of 1030926?
2, 3, 13, 13217
List the prime factors of 163199293.
163199293
What are the prime factors of 41986435?
5, 8397287
What are the prime factors of 2638274509?
13, 773, 262541
List the prime factors of 295547280.
2, 3, 5, 7, 19, 47, 197
List the prime factors of 75412667.
11, 6855697
What are the prime factors of 8707678?
2, 7, 457, 1361
List the prime factors of 4496561.
577, 7793
What are the prime factors of 1287959174?
2, 103, 6252229
List the prime factors of 67985039.
139, 489101
List the prime factors of 43212969.
3, 4801441
List the prime factors of 672157257.
3, 224052419
List the prime factors of 446363805.
3, 5, 269, 110623
What are the prime factors of 1355854150?
2, 5, 7, 269, 14401
What are the prime factors of 14376811?
439, 32749
What are the prime factors of 179334915?
3, 5, 313, 38197
List the prime factors of 76070211.
3, 7, 41, 53, 1667
List the prime factors of 117656261.
2281, 51581
What are the prime factors of 194629179?
3, 19, 29, 6197
List the prime factors of 65520309.
3, 29, 79, 9533
List the prime factors of 60012032.
2, 19, 31, 199
List the prime factors of 1177341920.
2, 5, 503, 14629
What are the prime factors of 4405299151?
11, 36407431
List the prime factors of 739732490.
2, 5, 7, 37, 285611
List the prime factors of 2586127262.
2, 53, 523, 46649
List the prime factors of 79616234.
2, 67, 594151
What are the prime factors of 304368647?
11, 27669877
What are the prime factors of 111414972?
2, 3, 2789, 3329
What are the prime factors of 831295370?
2, 5, 367, 226511
List the prime factors of 195787395.
3, 5, 1450277
List the prime factors of 6230078679.
3, 11, 4519, 41777
List the prime factors of 863216057.
11, 773, 839
List the prime factors of 621357566.
2, 227, 857, 1597
What are the prime factors of 856396096?
2, 13381189
What are the prime factors of 106495925?
5, 4259837
What are the prime factors of 1889787?
3, 629929
What are the prime factors of 198206066?
2, 99103033
List the prime factors of 44994402.
2, 3, 2499689
What are the prime factors of 1835074235?
5, 43, 113, 75533
List the prime factors of 2243650915.
5, 11, 40793653
What are the prime factors of 66302185?
5, 113, 239, 491
List the prime factors of 217393715.
5, 7, 11, 29, 19471
List the prime factors of 101244811.
61, 83, 19997
What are the prime factors of 8854821?
3, 61, 127
What are the prime factors of 93534120?
2, 3, 5, 41, 6337
What are the prime factors of 233232908?
2, 58308227
List the prime factors of 21892713.
3, 7297571
What are the prime factors of 227057330?
2, 5, 31, 797, 919
List the prime factors of 5095271090.
2, 5, 7, 13, 1999, 2801
What are the prime factors of 573626531?
41, 13990891
What are the prime factors of 775271506?
2, 387635753
What are the prime factors of 2233414?
2, 433, 2579
List the prime factors of 265019251.
7, 37859893
What are the prime factors of 82171829?
17, 191, 25307
List the prime factors of 31908411.
3, 393931
List the prime factors of 3075558.
2, 3, 512593
List the prime factors of 1484135775.
3, 5, 1187, 5557
What are the prime factors of 1697180912?
2, 7, 15153401
What are the prime factors of 4991824?
2, 101, 3089
List the prime factors of 713339280.
2, 3, 5, 37, 26777
List the prime factors of 372640429.
7, 31, 1717237
What are the prime factors of 218778665?
5, 7, 41, 152459
What are the prime factors of 1289930079?
3, 103, 4174531
List the prime factors of 499163788.
2, 124790947
List the prime factors of 741927934.
2, 11, 43, 367, 2137
What are the prime factors of 98475783?
3, 7, 487, 9629
What are the prime factors of 851936056?
2, 8731, 12197
List the prime factors of 660177486.
2, 3, 1583, 7723
What are the prime factors of 505859613?
3, 7, 53, 454501
What are the prime factors of 1260154009?
28621, 44029
What are the prime factors of 1807619503?
17, 29, 73, 50227
List the prime factors of 30351235.
5, 113, 53719
What are the prime factors of 56958417?
3, 2109571
What are the prime factors of 120613859?
120613859
What are the prime factors of 75689000?
2, 5, 75689
List the prime factors of 2045688.
2, 3, 85237
List the prime factors of 2255801801.
11, 29, 43, 47, 3499
List the prime factors of 32037726.
2, 3, 7, 107, 7129
List the prime factors of 51678831.
3, 479, 35963
List the prime factors of 66162416.
2, 4135151
What are the prime factors of 1024886462?
2, 103, 4975177
What are the prime factors of 25295228?
2, 7, 107, 8443
List the prime factors of 1141547432.
2, 317, 450137
What are the prime factors of 10816923?
3, 13, 23, 31, 389
List the prime factors of 106473912.
2, 3, 4436413
What are the prime factors of 3188503327?
3188503327
List the prime factors of 1015413274.
2, 37, 67, 204803
List the prime factors of 269418287.
269418287
List the prime factors of 2874669932.
2, 718667483
What are the prime factors of 441029?
441029
List the prime factors of 1376384094.
2, 3, 5227, 14629
List the prime factors of 334948901.
7, 37, 1293239
What are the prime factors of 2889570325?
5, 17, 41, 165829
List the prime factors of 4610944643.
19, 1279, 189743
What are the prime factors of 29469881?
7, 73, 101, 571
What are the prime factors of 4145170213?
103, 40244371
What are the prime factors of 1437344236?
2, 151, 593, 4013
List the prime factors of 118048511.
7, 16864073
List the prime factors of 5778134031.
3, 773, 2491649
What are the prime factors of 53572850?
2, 5, 1071457
What are the prime factors of 21293689?
809, 26321
What are the prime factors of 3188906463?
3, 1103, 963707
What are the prime factors of 3709953051?
3, 7, 176664431
List the prime factors of 811135919.
11, 127, 580627
What are the prime factors of 3089714585?
5, 617942917
What are the prime factors of 2243096232?
2, 3, 13, 131, 54881
What are the prime factors of 3975840666?
2, 3, 7, 29, 362693
List the prime factors of 115361087.
107, 727, 1483
What are the prime factors of 934387922?
2, 13, 601, 59797
List the prime factors of 8187977.
7, 23, 50857
List the prime factors of 347613254.
2, 107, 1624361
What are the prime factors of 286389214?
2, 143194607
What are the prime factors of 488653715?
5, 11, 521, 17053
What are the prime factors of 71946251?
13, 1193, 4639
List the prime factors of 2392373482.
2, 4889, 244669
List the prime factors of 2727984756.
2, 3, 7, 32476009
What are the prime factors of 696368463?
3, 7, 1327, 24989
List the prime factors of 7143715917.
3, 13, 61, 333647
What are the prime factors of 34794332?
2, 313, 27791
List the prime factors of 13024483.
13024483
List the prime factors of 90432417.
3, 30144139
What are the prime factors of 83696517?
3, 23, 134777
List the prime factors of 1628970648.
2, 3, 59, 1150403
What are the prime factors of 92701429?
29, 1259, 2539
List the prime factors of 10225700.
2, 5, 293, 349
List the prime factors of 69854862.
2, 3, 7, 11, 151201
List the prime factors of 9807928.
2, 13, 94307
What are the prime factors of 65784463?
383, 171761
What are the prime factors of 1460830537?
1460830537
What are the prime factors of 5333977238?
2, 83, 32132393
List the prime factors of 176864132.
2, 61, 724853
What are the prime factors of 6233810364?
2, 3, 173161399
List the prime factors of 2562872475.
3, 5, 19, 101, 17807
What are the prime factors of 294882295?
5, 29, 59, 34469
List the prime factors of 59304633.
3, 19768211
List the prime factors of 1396232395.
5, 71, 269, 14621
What are the prime factors of 2322553698?
2, 3, 129030761
What are the prime factors of 3444924578?
2, 1722462289
List the prime factors of 43026111.
3, 29, 353, 467
List the prime factors of 323251779.
3, 107750593
What are the prime factors of 227459281?
7, 32494183
What are the prime factors of 3150406317?
3, 1050135439
List the prime factors of 2313009210.
2, 3, 5, 77100307
What are the prime factors of 55794029?
47, 1187107
What are the prime factors of 184172119?
184172119
List the prime factors of 1452639384.
2, 3, 7, 2882221
List the prime factors of 23942399.
13, 141671
List the prime factors of 171833977.
7, 17, 43, 33581
List the prime factors of 319